{"id":11,"date":"2009-05-11T15:24:16","date_gmt":"2009-05-11T13:24:16","guid":{"rendered":"http:\/\/www.vkbohemians.cz\/?page_id=11"},"modified":"2023-04-29T17:53:42","modified_gmt":"2023-04-29T15:53:42","slug":"vysledky","status":"publish","type":"page","link":"https:\/\/www.vkbohemians.cz\/?page_id=11","title":{"rendered":"V\u00fdsledky"},"content":{"rendered":"<p><strong>Velk\u00e1 Regata Bohemians 2023:<br \/>\n<\/strong><a href=\"http:\/\/www.vkbohemians.cz\/wp-content\/uploads\/Velka-Regata-Bohemians-2023.pdf\">V\u00fdsledky<\/a><\/p>\n<p>&nbsp;<\/p>\n<p><strong>Jarn\u00ed regata Bohemians 2019:<\/strong><br \/>\n<a href=\"http:\/\/www.vkbohemians.cz\/wp-content\/uploads\/vysledky-Bohemians-regata-2019-1.pdf\">V\u00fdsledky<\/a><\/p>\n<p>&nbsp;<\/p>\n<p><strong>Vltava 2018:<\/strong><br \/>\n<a href=\"http:\/\/www.vkbohemians.cz\/wp-content\/uploads\/Vltava2018_vysledky.pdf\">V\u00fdsledky<\/a><\/p>\n<p>&nbsp;<\/p>\n<p><strong>Jarn\u00ed regata Bohemians 2018:<\/strong><br \/>\n<a href=\"http:\/\/www.vkbohemians.cz\/wp-content\/uploads\/vysledkybohemians_2018.pdf\">V\u00fdsledky<\/a><\/p>\n<p>&nbsp;<\/p>\n<p><strong>Ho\u0159\u00edn 2018:<\/strong><br \/>\n<a href=\"http:\/\/www.vkbohemians.cz\/wp-content\/uploads\/kompletni_vysledky_horin_2018.pdf\">V\u00fdsledky<\/a><\/p>\n<p>&nbsp;<\/p>\n<p><strong>V\u00fdro\u010dn\u00ed zpr\u00e1va o sportovn\u00ed \u010dinnosti 2012:<\/strong><br \/>\n<a href=\"http:\/\/www.vkbohemians.cz\/wp-content\/uploads\/vyrocni-zprava-o-sportovni-cinosti-2012.pptx\">vyrocni-zprava-o-sportovni-cinosti-2012<\/a><\/p>\n<p>&nbsp;<\/p>\n<p><strong>Mist\u0159i \u010cR a nejlep\u0161\u00ed na\u0161i vesla\u0159i:<\/strong><br \/>\n<a href=\"http:\/\/www.vkbohemians.cz\/wp-content\/uploads\/mistri-111.doc\">Mist\u0159i \u010cR a nejlep\u0161\u00ed vesla\u0159i 2011<\/a><br \/>\n<a href=\"http:\/\/www.vkbohemians.cz\/wp-content\/uploads\/mistri-10.doc\">Mist\u0159i \u010cR a nejlep\u0161\u00ed vesla\u0159i 2010<\/a><br \/>\n<a href=\"http:\/\/www.vkbohemians.cz\/wp-content\/uploads\/mistri-09.doc\">Mist\u0159i \u010cR a nejlep\u0161\u00ed vesla\u0159i 2009<\/a><\/p>\n<p>&nbsp;<\/p>\n<p><strong>Mezin\u00e1rodn\u00ed starty<\/strong>: 2003 &#8211; 2008<br \/>\n<a title=\"Mezin\u00e1rodn\u00ed starty rok 2008\" href=\"\/vysledky\/mezinarodni-starty-2008.doc\" target=\"_blank\" rel=\"noopener\">Mezin\u00e1rodn\u00ed starty 2008<\/a><br \/>\n<a title=\"Mezin\u00e1rodn\u00ed starty rok 2007\" href=\"\/vysledky\/mezinarodni-starty-2007.doc\" target=\"_blank\" rel=\"noopener\">Mezin\u00e1rodn\u00ed starty 2007<\/a><br \/>\n<a title=\"Mezin\u00e1rodn\u00ed starty rok 2006\" href=\"\/vysledky\/mezinarodni-starty-2006.doc\" target=\"_blank\" rel=\"noopener\">Mezin\u00e1rodn\u00ed starty 2006<\/a><br \/>\n<a title=\"Mezin\u00e1rodn\u00ed starty rok 2005\" href=\"\/vysledky\/mezinarodni-starty-2005.doc\" target=\"_blank\" rel=\"noopener\">Mezin\u00e1rodn\u00ed starty 2005<\/a><br \/>\n<a title=\"Mezin\u00e1rodn\u00ed starty rok 2004\" href=\"\/vysledky\/mezinarodni-starty-2004.doc\" target=\"_blank\" rel=\"noopener\">Mezin\u00e1rodn\u00ed starty 2004<\/a><br \/>\n<a title=\"Mezin\u00e1rodn\u00ed starty rok 2003\" href=\"\/vysledky\/mezinarodni-starty-2003.doc\" target=\"_blank\" rel=\"noopener\">Mezin\u00e1rodn\u00ed starty 2003<\/a><\/p>\n<p>&nbsp;<\/p>\n<p><strong>Mistrovstv\u00ed \u010cR<\/strong>:<br \/>\n<a title=\"Mistrovstv\u00ed \u010cesk\u00e9 Republiky rok 2008\" href=\"\/vysledky\/mistrovstvi-cr-2008.doc\" target=\"_blank\" rel=\"noopener\">Mistrovstv\u00ed \u010cR 2008<\/a><br \/>\n<a title=\"Mistrovstv\u00ed \u010cesk\u00e9 Republiky rok 2007\" href=\"\/vysledky\/mistrovstvi-cr-2007.doc\" target=\"_blank\" rel=\"noopener\">Mistrovstv\u00ed \u010cR 2007<\/a><br \/>\n<a title=\"Mistrovstv\u00ed \u010cesk\u00e9 Republiky rok 2006\" href=\"\/vysledky\/mistrovstvi-cr-2006.doc\" target=\"_blank\" rel=\"noopener\">Mistrovstv\u00ed \u010cR 2006<\/a><br \/>\n<a title=\"Mistrovstv\u00ed \u010cesk\u00e9 Republiky rok 2005\" href=\"\/vysledky\/mistrovstvi-cr-2005.doc\" target=\"_blank\" rel=\"noopener\">Mistrovstv\u00ed \u010cR 2005<\/a><br \/>\n<a title=\"Mistrovstv\u00ed \u010cesk\u00e9 Republiky rok 2004\" href=\"\/vysledky\/mistrovstvi-cr-2004.doc\" target=\"_blank\" rel=\"noopener\">Mistrovstv\u00ed \u010cR 2004<\/a><br \/>\n<a title=\"Mistrovstv\u00ed \u010cesk\u00e9 Republiky rok 2003\" href=\"\/vysledky\/mistrovstvi-cr-2003.doc\" target=\"_blank\" rel=\"noopener\">Mistrovstv\u00ed \u010cR 2003<\/a><\/p>\n<p>&nbsp;<\/p>\n<p><strong>Prim\u00e1torky<\/strong>:<br \/>\n<a title=\"V\u00fdsledky Prim\u00e1torek na \u010cVS\" href=\"http:\/\/www.veslo.cz\/primatorky\" target=\"_blank\" rel=\"noopener\">V\u00fdsledky Prim\u00e1torek<\/a><br \/>\n<a title=\"V\u00fdsledky Prim\u00e1torek rok 2008\" href=\"\/vysledky\/primatorky-2008.doc\" target=\"_blank\" rel=\"noopener\">Prim\u00e1torky 2008<\/a><br \/>\n<a title=\"V\u00fdsledky Prim\u00e1torek rok 2007\" href=\"\/vysledky\/primatorky-2007.doc\" target=\"_blank\" rel=\"noopener\">Prim\u00e1torky 2007<\/a><br \/>\n<a title=\"V\u00fdsledky Prim\u00e1torek rok 2006\" href=\"\/vysledky\/primatorky-2006.doc\" target=\"_blank\" rel=\"noopener\">Prim\u00e1torky 2006<\/a><br \/>\n<a title=\"V\u00fdsledky Prim\u00e1torek rok 2005\" href=\"\/vysledky\/primatorky-2005.doc\" target=\"_blank\" rel=\"noopener\">Prim\u00e1torky 2005<\/a><br \/>\n<a title=\"V\u00fdsledky Prim\u00e1torek rok 2004\" href=\"\/vysledky\/primatorky-2004.doc\" target=\"_blank\" rel=\"noopener\">Prim\u00e1torky 2004<\/a><br \/>\n<a title=\"V\u00fdsledky Prim\u00e1torek rok 2003\" href=\"\/vysledky\/primatorky-2003.doc\" target=\"_blank\" rel=\"noopener\">Prim\u00e1torky 2003<\/a><\/p>\n<p>&nbsp;<\/p>\n<p><strong>Ostatn\u00ed<\/strong>:<br \/>\n<a title=\"Poh\u00e1r \u010cesk\u00e9 Republiky\" href=\"\/vysledky\/pohar.xls\" target=\"_blank\" rel=\"noopener\">Poh\u00e1r \u010cR<\/a><\/p>\n","protected":false},"excerpt":{"rendered":"<p>Velk\u00e1 Regata Bohemians 2023: V\u00fdsledky &nbsp; Jarn\u00ed regata Bohemians 2019: V\u00fdsledky &nbsp; Vltava 2018: V\u00fdsledky &nbsp; Jarn\u00ed regata Bohemians 2018: V\u00fdsledky &nbsp; Ho\u0159\u00edn 2018: V\u00fdsledky &nbsp; V\u00fdro\u010dn\u00ed zpr\u00e1va o sportovn\u00ed \u010dinnosti 2012: vyrocni-zprava-o-sportovni-cinosti-2012 &nbsp; Mist\u0159i \u010cR a nejlep\u0161\u00ed na\u0161i vesla\u0159i: &hellip; <a href=\"https:\/\/www.vkbohemians.cz\/?page_id=11\">Cel\u00fd p\u0159\u00edsp\u011bvek <span class=\"meta-nav\">&rarr;<\/span><\/a><\/p>\n","protected":false},"author":1,"featured_media":0,"parent":0,"menu_order":8,"comment_status":"closed","ping_status":"closed","template":"sidebar-page.php","meta":{"ngg_post_thumbnail":0,"footnotes":""},"_links":{"self":[{"href":"https:\/\/www.vkbohemians.cz\/index.php?rest_route=\/wp\/v2\/pages\/11"}],"collection":[{"href":"https:\/\/www.vkbohemians.cz\/index.php?rest_route=\/wp\/v2\/pages"}],"about":[{"href":"https:\/\/www.vkbohemians.cz\/index.php?rest_route=\/wp\/v2\/types\/page"}],"author":[{"embeddable":true,"href":"https:\/\/www.vkbohemians.cz\/index.php?rest_route=\/wp\/v2\/users\/1"}],"replies":[{"embeddable":true,"href":"https:\/\/www.vkbohemians.cz\/index.php?rest_route=%2Fwp%2Fv2%2Fcomments&post=11"}],"version-history":[{"count":41,"href":"https:\/\/www.vkbohemians.cz\/index.php?rest_route=\/wp\/v2\/pages\/11\/revisions"}],"predecessor-version":[{"id":4512,"href":"https:\/\/www.vkbohemians.cz\/index.php?rest_route=\/wp\/v2\/pages\/11\/revisions\/4512"}],"wp:attachment":[{"href":"https:\/\/www.vkbohemians.cz\/index.php?rest_route=%2Fwp%2Fv2%2Fmedia&parent=11"}],"curies":[{"name":"wp","href":"https:\/\/api.w.org\/{rel}","templated":true}]}}